e greatest common divisor of 62377 and 176947?
1273
What is the greatest common factor of 21504 and 3696?
336
What is the greatest common divisor of 67748 and 8?
4
Calculate the highest common divisor of 816 and 470424.
408
What is the highest common divisor of 1830 and 13054?
122
Calculate the highest common factor of 170 and 219946.
34
What is the greatest common factor of 2856 and 235368?
168
What is the greatest common divisor of 3097 and 652?
163
What is the greatest common divisor of 3 and 114290?
1
What is the greatest common factor of 2734 and 1400?
2
What is the highest common divisor of 520 and 536705?
65
Calculate the highest common factor of 35 and 86895.
5
Calculate the greatest common factor of 92293 and 61.
61
What is the highest common factor of 59392 and 174?
58
What is the highest common factor of 440622 and 90?
18
Calculate the greatest common factor of 510 and 3874266.
102
Calculate the greatest common divisor of 42804 and 324.
36
Calculate the highest common factor of 7328 and 608.
32
What is the highest common divisor of 24236 and 913?
83
Calculate the highest common factor of 290586 and 3078.
114
Calculate the greatest common divisor of 51337 and 689.
13
What is the highest common factor of 620 and 42315?
155
Calculate the greatest common factor of 4158 and 88.
22
What is the greatest common factor of 76 and 1054348?
76
What is the highest common divisor of 40020 and 4785?
435
What is the greatest common divisor of 34048 and 7714?
266
What is the greatest common divisor of 761 and 7044577?
761
Calculate the highest common factor of 27 and 304047.
27
What is the highest common divisor of 19939 and 942?
157
What is the highest common divisor of 20923 and 98?
49
Calculate the greatest common divisor of 77623 and 4277.
91
Calculate the greatest common factor of 68183 and 943.
41
What is the greatest common divisor of 27 and 338211?
9
Calculate the greatest common factor of 1269 and 10719.
27
Calculate the greatest common divisor of 7870 and 109393.
787
What is the highest common divisor of 306645 and 30?
15
What is the greatest common factor of 155511 and 2627?
37
Calculate the highest common divisor of 141289 and 46.
23
What is the highest common factor of 3815 and 6755?
35
What is the highest common factor of 133417 and 1?
1
What is the greatest common divisor of 609 and 22302?
21
What is the highest common factor of 5267 and 3726?
23
What is the greatest common divisor of 3717 and 37044?
63
What is the highest common factor of 2516 and 44659?
629
What is the greatest common divisor of 3528681 and 39?
39
Calculate the greatest common divisor of 1576 and 136.
8
Calculate the highest common factor of 13974 and 37538.
274
What is the highest common factor of 323 and 3961?
17
What is the greatest common factor of 28 and 134120?
28
What is the highest common factor of 2304 and 66240?
576
What is the highest common factor of 2 and 23602?
2
Calculate the highest common divisor of 1508 and 2951.
13
What is the greatest common factor of 28 and 25613?
7
What is the greatest common factor of 747215 and 740?
185
What is the highest common divisor of 3822 and 4186?
182
Calculate the highest common factor of 4671736 and 136.
136
Calculate the highest common factor of 1551117 and 201.
201
Calculate the greatest common factor of 665 and 86849.
133
Calculate the greatest common factor of 28699 and 55.
11
Calculate the highest common divisor of 191314 and 46.
46
What is the greatest common divisor of 783 and 2451573?
783
What is the highest common factor of 3 and 145771?
1
What is the highest common factor of 72 and 14208?
24
Calculate the greatest common factor of 68 and 8347.
17
Calculate the greatest common divisor of 554705 and 1520.
95
What is the highest common divisor of 94008 and 72?
24
What is the greatest common factor of 36 and 118386?
18
Calculate the highest common divisor of 238 and 4802.
14
Calculate the greatest common factor of 164 and 1201546.
82
Calculate the greatest common divisor of 21936 and 18737.
457
What is the greatest common factor of 7 and 27265?
7
What is the greatest common divisor of 45 and 3528?
9
What is the greatest common factor of 297080 and 14?
14
What is the highest common factor of 9583 and 252?
7
Calculate the greatest common factor of 790 and 524165.
395
What is the highest common divisor of 208550 and 194?
194
Calculate the greatest common factor of 803173 and 1923.
641
What is the highest common factor of 133 and 166858?
19
What is the highest common divisor of 5418 and 172?
86
Calculate the greatest common divisor of 163646 and 42.
14
Calculate the highest common divisor of 56023 and 847.
121
Calculate the highest common factor of 3045 and 13775.
145
What is the greatest common divisor of 56 and 559524?
28
Calculate the highest common divisor of 133350 and 560.
70
What is the highest common divisor of 2006 and 1972?
34
Calculate the greatest common factor of 58205 and 77.
7
Calculate the highest common divisor of 1175080 and 2320.
1160
Calculate the greatest common factor of 2040 and 61710.
510
Calculate the highest common divisor of 106 and 1756738.
106
Calculate the greatest common factor of 298 and 3495391.
149
What is the highest common factor of 1137110 and 130?
130
Calculate the highest common divisor of 93 and 37355.
31
Calculate the highest common divisor of 54 and 336456.
18
What is the highest common divisor of 112 and 80598?
14
What is the highest common factor of 30470 and 297?
11
Calculate the highest common divisor of 153895 and 28.
7
Calculate the highest common divisor of 32 and 43376.
16
Calculate the greatest common factor of 323088 and 16.
16
What is the greatest common factor of 2271 and 48?
3
Calculate the greatest common divisor of 49 and 10787.
7
Calculate the highest common divisor of 9 and 92709.
9
What is the greatest common divisor of 136661 and 245?
49
Calculate the greatest common factor of 407 and 14267.
11
Calculate the highest common divisor of 279312 and 1056.
528
Calculate the greatest common divisor of 163 and 166423.
163
Calculate the greatest common factor of 65390 and 260.
130
What is the highest common divisor of 49619 and 1416?
59
Calculate the highest common factor of 249748 and 116.
116
What is the greatest common divisor of 19848 and 30?
6
What is the highest common divisor of 386615 and 10?
5
Calculate the greatest common factor of 5411 and 1561.
7
What is the highest common factor of 80159 and 355?
71
What is the greatest common divisor of 6650 and 57?
19
Calculate the greatest common factor of 144 and 129904.
16
What is the greatest common factor of 1207911 and 501?
501
Calculate the greatest common factor of 618328 and 120.
8
Calculate the highest common divisor of 13008 and 50677.
271
What is the greatest common divisor of 31059 and 2261?
119
Calculate the highest common factor of 43230 and 11715.
165
What is the greatest common factor of 33 and 251911?
11
What is the greatest common divisor of 198 and 1089?
99
Calculate the highest common factor of 2146 and 11658.
58
What is the greatest common factor of 602535 and 15?
15
Calculate the greatest common factor of 9460 and 62370.
110
Calculate the greatest common factor of 544 and 4192.
32
What is the highest common factor of 1315652 and 13?
13
Calculate the highest common factor of 1891 and 8845.
61
Calculate the greatest common factor of 446 and 185759.
223
Calculate the highest common factor of 872019 and 27.
27
Calculate the greatest common factor of 30 and 8835.
15
Calculate the highest common factor of 8468 and 1276.
116
Calculate the greatest common factor of 1984 and 1796512.
992
Calculate the greatest common divisor of 20470 and 55.
5
Calculate the highest common divisor of 7843 and 759.
253
Calculate the greatest common divisor of 7101 and 9994.
263
What is the highest common divisor of 630 and 29412?
18
Calculate the highest common divisor of 487 and 6012989.
487
What is the highest common divisor of 27 and 2250180?
27
What is the greatest common divisor of 27360 and 400?
80
Calculate the greatest common divisor of 86424 and 429.
39
Calculate the highest common divisor of 16260 and 8.
4
What is the greatest common divisor of 2024 and 480194?
506
Calculate the greatest common factor of 